(s) = -s**3 - 208*s**2 + 21*s + 4354. Give i(-208).
-14
Let s(a) = 4*a + 482. Give s(-17).
414
Let y(j) = -3*j - 7. Determine y(-15).
38
Let v(k) = 37*k**3 - 8*k**2 + 7*k + 1. What is v(1)?
37
Let q(y) = -y**2 + 15*y + 59. What is q(17)?
25
Let z(n) = 62*n - 1652. What is z(26)?
-40
Let i(m) = -m**2 + 108*m + 824. Determine i(-7).
19
Let y(l) = 3*l**3 - 7*l**2 - 3*l + 8. Calculate y(3).
17
Let c(h) = 24*h**2 + 5*h + 1. Calculate c(-2).
87
Let j(w) = -3*w**3 + 23*w**2 - 35*w - 29. Determine j(5).
-4
Let o(t) = t**3 - 6*t**2 - 62*t + 387. Calculate o(7).
2
Let t(j) = j**3 - 4*j**2 - 4*j + 4. What is t(3)?
-17
Let o(t) = t**2 + 498*t + 3925. What is o(-8)?
5
Let y(s) = s**3 + 25*s**2 + 84*s + 30. Determine y(-21).
30
Let o(f) = 2*f**2 - 157*f + 1348. Calculate o(10).
-22
Let x(z) = -z**3 - 33*z**2 + 50*z + 121. What is x(-34)?
-423
Let d(o) = -42*o + 80. Give d(2).
-4
Let o(x) = 36*x + 145. Give o(-4).
1
Let h(p) = 156*p + 1707. Determine h(-11).
-9
Let b(d) = -714*d + 16434. Calculate b(23).
12
Let i(q) = q**3 - 2*q**2 + 935*q + 1. What is i(0)?
1
Let t(v) = -v**3 - 11*v**2 - 15*v - 68. Give t(-8).
-140
Let b(f) = 4574*f + 2. Calculate b(0).
2
Let h(i) = -i**3 + 67*i**2 - 65*i + 22. Calculate h(66).
88
Let g(s) = 2*s**3 + 21*s**2 - 5*s + 62. What is g(-11)?
-4
Let f(j) = 96*j + 1652. Calculate f(-17).
20
Let w(o) = 2*o**3 - 5*o**2 - 61*o - 14. Calculate w(7).
0
Let t(m) = -m**3 + 77*m**2 - 1065*m + 153. Calculate t(59).
-24
Let h(l) = l**3 - 29*l**2 - 22*l + 24. Give h(30).
264
Let u(a) = 25*a**2 - 40*a - 166. Calculate u(-5).
659
Let q(y) = 6*y**3 + 75*y**2 + 151*y + 15. Calculate q(-10).
5
Let k(y) = y**3 - 48*y**2 - 431*y - 897. Give k(56).
55
Let z(f) = -8*f**3 - 7*f**2 + 157*f + 158. Calculate z(-1).
2
Let y(d) = 19*d + 178. Determine y(-8).
26
Let t(d) = -20*d**2 + 519*d + 37. Calculate t(26).
11
Let g(i) = 7*i**3 - 2*i**2 - 2*i - 16. What is g(-3)?
-217
Let j(i) = 109*i - 1534. Determine j(14).
-8
Let o(t) = -2*t**2 - 26*t - 110. Calculate o(-4).
-38
Let n(t) = -311*t + 173. Determine n(0).
173
Let x(t) = t**2 + 3*t - 339. Calculate x(16).
-35
Let l(g) = -62*g - 595. Give l(-13).
211
Let z(m) = -m**2 + 64*m - 567. What is z(8)?
-119
Let t(d) = d**3 + 34*d**2 + 74*d + 184. Calculate t(-32).
-136
Let r(s) = -231*s + 134. Determine r(0).
134
Let j(t) = -101*t - 228. What is j(-2)?
-26
Let s(i) = -i**3 - i**2 - 5*i - 7. What is s(-2)?
7
Let b(k) = 4*k**2 - 3*k - 20. Give b(-3).
25
Let b(n) = 4*n**2 + 210*n - 434. Give b(2).
2
Let v(k) = 184*k + 930. What is v(-5)?
10
Let m(x) = 5*x - 62. Determine m(12).
-2
Let d(x) = x**3 - 81*x**2 - 251*x - 108. Calculate d(84).
-24
Let q(f) = 12*f + 30. Calculate q(-22).
-234
Let v(y) = -y**3 - 8*y**2 - 7*y + 23. Give v(-6).
-7
Let y(o) = -o**2 - 12231*o + 24453. Calculate y(2).
-13
Let v(g) = -148*g**2 + 9*g + 4. Determine v(-1).
-153
Let g(r) = -122*r + 5302. Calculate g(44).
-66
Let a(t) = 5*t**2 + 82*t - 5. What is a(-16)?
-37
Let v(q) = -33*q**2 + 354*q - 123. What is v(10)?
117
Let h(q) = -479*q - 7184. Calculate h(-15).
1
Let c(z) = z**2 + 7*z + 6. Calculate c(-5).
-4
Let b(r) = -70*r + 490. Determine b(7).
0
Let i(k) = k**3 - 93*k**2 - 184*k - 530. Determine i(95).
40
Let j(f) = 4*f**2 + 694*f + 27233. Calculate j(-60).
-7
Let x(w) = -w**3 + 26*w**2 - 61*w + 1. Calculate x(4).
109
Let k(g) = 8*g**2 - 4*g - 9. Calculate k(0).
-9
Let r(n) = -n**3 + 21*n**2 - 67*n - 4. Determine r(18).
-238
Let z(a) = -8*a**2 + 336*a + 3196. Determine z(50).
-4
Let t(d) = -2*d**3 + 282*d**2 - 340*d + 8397. Give t(140).
-3
Let b(c) = c**3 + 44*c**2 + 87*c + 40. Give b(-42).
-86
Let n(m) = -m**3 + 19*m**2 + 95*m + 25. Calculate n(23).
94
Let h(z) = -z**3 - 3*z**2 + 33. Determine h(0).
33
Let b(d) = 15*d**2 - 142*d - 454. Give b(12).
2
Let j(q) = -q**2 - 36*q + 1443. Calculate j(24).
3
Let b(o) = o**2 + 5*o - 219. Determine b(12).
-15
Let t(x) = x**3 - 19*x**2 + 65*x - 1. Determine t(16).
271
Let l(x) = 4*x**3 - 188*x**2 - 6*x + 289. What is l(47)?
7
Let v(m) = -3564*m - 135432. Determine v(-38).
0
Let v(g) = 2*g**3 + 26*g**2 + 20*g + 1. Determine v(-12).
49
Let i(p) = 2*p**3 - 89*p**2 + 990*p - 19. Give i(23).
4
Let i(m) = 96*m**3 + 289*m**2 - 6*m - 14. Determine i(-3).
13
Let h(d) = -2*d**3 - 98*d**2 - 37*d - 6859. Give h(-50).
-9
Let q(z) = -7*z**3 - 145*z**2 + 42*z + 16. Calculate q(-21).
16
Let r(p) = -9*p + 736. Calculate r(80).
16
Let i(z) = -2*z**2 - 121*z + 924. Calculate i(7).
-21
Let o(a) = 6*a + 952. Give o(-10).
892
Let b(o) = o**3 + 42*o**2 - 8*o - 101. Give b(-42).
235
Let y(o) = o**2 + 7*o - 447. Give y(18).
3
Let v(a) = a**3 + 64*a**2 + 125*a - 122. What is v(-62)?
-184
Let u(s) = -s**3 - 15*s**2 + 144*s - 208. Calculate u(-22).
12
Let t(f) = 71*f + 450. Calculate t(-8).
-118
Let x(z) = -z**3 - 3*z**2 + 5*z - 10. What is x(3)?
-49
Let a(d) = d**3 + 4*d**2 + 11*d + 50. Calculate a(-5).
-30
Let o(j) = j**3 - 77*j**2 + 221*j + 80. What is o(74)?
6
Let g(z) = -4*z**3 - 107*z**2 - 347*z - 56. Calculate g(-23).
-10
Let h(r) = r**3 + 47*r**2 + 86*r + 59. Determine h(-45).
239
Let j(h) = 3*h**2 + 270*h + 1363. Calculate j(-5).
88
Let v(b) = -5495*b - 16483. Determine v(-3).
2
Let y(q) = 2*q**2 - 77*q + 693. What is y(11)?
88
Let c(f) = f**2 - 76*f + 1503. Determine c(20).
383
Let s(d) = -2*d**2 - 39*d - 77. What is s(-19)?
-58
Let m(b) = -b**2 - 20*b - 124. Calculate m(-9).
-25
Let o(m) = m**3 - 23*m**2 + 39*m + 37. What is o(21)?
-26
Let f(l) = l**3 - 7*l**2 - 31*l + 108. Give f(7).
-109
Let w(n) = n**2 - 60*n - 945. Calculate w(73).
4
Let x(v) = -2*v**2 + 44*v - 28. Calculate x(12).
212
Let q(r) = -12*r**2 - 8. What is q(0)?
-8
Let m(s) = -194*s + 1737. Calculate m(9).
-9
Let z(i) = 176*i - 2815. Determine z(16).
1
Let o(g) = -3*g**2 - 45*g + 10. What is o(-15)?
10
Let o(p) = p**2 - 76*p - 5. Calculate o(74).
-153
Let c(p) = 3*p**2 + 54*p - 46. Calculate c(-19).
11
Let n(o) = -2*o**3 - 8*o**2 + 14*o - 46. Calculate n(-6).
14
Let a(q) = -32*q - 288. Determine a(-9).
0
Let j(a) = -70*a - 972. What is j(-17)?
218
Let r(i) = -i**2 - 866*i - 8557. Calculate r(-10).
3
Let i(f) = 6*f**2 + 17*f. Determine i(-5).
65
Let v(y) = y**2 + 33*y + 63. Determine v(-24).
-153
Let l(x) = x**2 + 20*x - 125. Calculate l(6).
31
Let p(l) = -79*l**2 - 157*l + 238. What is p(-3)?
-2
Let y(l) = -31*l**2 + l + 20. Give y(4).
-472
Let f(k) = -788*k + 9455. Determine f(12).
-1
Let d(h) = -2*h**2 + 23*h - 23. Calculate d(6).
43
Let j(y) = 22*y**3 - 878*y**2 - 83*y + 120. What is j(40)?
0
Let g(m) = m**3 + 6*m**2 - 24*m - 9. Determine g(-8).
55
Let d(t) = 2*t**2 - 25*t - 58. Calculate d(-2).
0
Let m(u) = -309*u - 10483. Calculate m(-34).
23
Let t(a) = -a**2 - 30*a - 66. Give t(-31).
-97
Let i(r) = r**2 + 41*r - 8515. Give i(74).
-5
Let a(j) = -j**2 + 10*j - 59. What is a(10)?
-59
Let y(s) = -s**3 - 53*s**2 + 121*s + 607. Calculate y(-55).
2
Let l(b) = b**3 - 195*b**2 + 410*b - 4632. Determine l(193).
0
Let k(a) = -2*a**2 - 58*a + 1825. Give k(-48).
1
Let o(d) = -5*d + 23. Determine o(-4).
43
Let w(g) = 6*g**3 - 7*g**2 - 7*g - 2. Determine w(-1).
-8
Let t(q) = -2*q**2 - 971*q - 5756. Give t(-6).
-2
Let t(w) = w**2 - 202*w + 9765. Give t(80).
5
Let k(y) = 9*y**2 + 49*y + 20. Give k(-7).
118
Let q(j) = 4*j**2 - 554*j - 4090. Calculate q(-7).
-16
Let l(k) = -k**2 + 8*k + 8. Calculate l(4).
24
Let g(o) = -o**2 - 41*o - 69. Calculate g(-39).
9
Let g(b) = -62*b + 5044. Calculate g(81).
22
Let i(a) = -a**3 - 11*a**2 + 109*a - 16. Give i(6).
26
Let g(r) = -r**2 + 6*r + 24. Determine g(8).
8
Let t(w) = -w**2 + 13*w + 32. Calculate t(20).
-108
Let l(d) = -d**3 + 6*d**2 + 83*d + 149. Determine l(-4).
-23
Let l(c) = c**3 + 40*c**2 + 139. What is l(-40)?
139
Let w(i) = 179*i + 1559. Give w(-9).
-52
Let d(b) = -2*b**3 + 5*b**2 - 11*b + 75. Give d(4).
-17
Let k(l) = -1453*l - 8566. Determine k(-6).
152
Let k(a) = -21*a**2 + 46*a - 166. Determine k(3).
-217
Let b(p) = -p**2 - 91*p + 1585. Give b(15).
-5
Let u(t) = 114*t + 3501. Calculate u(-30).
81
Let p(k) = 3*k**2 - 37*k - 6. Give p(17).
232
Let u(v) = -2*v**2 - 21*v + 105. Determine u(-14).
7
Let w(r) = -7*r**2 - 22*r + 38. Determine w(3).
-91
Let h(f) = f**3 + 17*f**2 + 28*f - 26. Calculate h(-15).
4
Let p(z) = 93*z + 886. Give p(-9).
49
Let l(z) = 205*z + 11062. Determine l(-54).
-8
Let h(w) = -w*